{"id":113,"date":"2021-09-13T13:45:08","date_gmt":"2021-09-13T11:45:08","guid":{"rendered":"https:\/\/www.jeremiebossone.com\/?page_id=113"},"modified":"2022-06-25T17:37:09","modified_gmt":"2022-06-25T15:37:09","slug":"bio","status":"publish","type":"page","link":"https:\/\/www.jeremiebossone.com\/?page_id=113","title":{"rendered":"BIO"},"content":{"rendered":"<h3 class=\"wp-block-heading\"><\/h3><p class=\"has-light-gray-color has-text-color has-normal-font-size\"><em>Sa voix atypique, son go\u00fbt visc\u00e9ral pour les histoires, la flamboyance de ses musiques, la rigueur technique de ses chansons, leur puissance \u00e9motionnelle et sa mani\u00e8re de les incarner sur sc\u00e8ne, tout cela fait de J\u00e9r\u00e9mie Bossone un ovni dans le paysage de la chanson fran\u00e7aise.<\/em><\/p><p class=\"has-light-gray-color has-text-color has-normal-font-size\"><em>Apr\u00e8s avoir remport\u00e9 de nombreuses r\u00e9compenses (Prix SACEM, Prix ADAMI, Pic d\u2019Or, Vive la Reprise\u2026), Bossone sort en 2015 son premier album, <\/em>Gloires<em>, r\u00e9alis\u00e9 par Ian Caple (Alain Bashung, Stevie Wonder, Tricky\u2026).<\/em><\/p><p class=\"has-light-gray-color has-text-color has-normal-font-size\">Gloires <em>re\u00e7oit le <\/em>Coup de C\u0153ur de l\u2019Acad\u00e9mie du Disque Charles Cros<em>.<\/em><\/p><p class=\"has-light-gray-color has-text-color has-normal-font-size\"><em>S\u2019ensuivent deux ann\u00e9es de tourn\u00e9e francophone au cours desquelles Bossone assure les premi\u00e8res parties d\u2019Arno, Yves Jamait, Cam\u00e9lia Jordana, les Hurlements d\u2019 L\u00e9o\u2026<\/em><\/p><p class=\"has-light-gray-color has-text-color has-normal-font-size\"><em>La presse le d\u00e9crit comme \u00ab&nbsp;le cha\u00eenon manquant entre Brel et Noir D\u00e9sir&nbsp;\u00bb, \u00ab&nbsp;la fusion entre Rimbaud et Dylan&nbsp;\u00bb. Bossone commente&nbsp;: \u00abPas mal, mais r\u00e9ducteur&nbsp;\u00bb.<\/em><\/p><p class=\"has-light-gray-color has-text-color has-normal-font-size\"><em>En f\u00e9vrier 2019 para\u00eet son 2<sup>nd<\/sup> album&nbsp;: <\/em>Les M\u00e9lancolies pirates<em>.<\/em><\/p><p class=\"has-light-gray-color has-text-color has-normal-font-size\"><em>En avril 2019,<\/em> Les M\u00e9lancolies pirates<em> re\u00e7oit \u00e0 son tour le <\/em>Coup de C\u0153ur de l&rsquo;Acad\u00e9mie du Disque Charles Cros<em>.<\/em><\/p><p class=\"has-light-gray-color has-text-color has-normal-font-size\"><em>En septembre 2020 para\u00eet son troisi\u00e8me album, <\/em>Le D\u00e9cembre italien<em>.<\/em><\/p><p class=\"has-light-gray-color has-text-color has-normal-font-size\"><em> Il est \u00e9galement l\u2019auteur d\u2019un roman paru aux \u00e9ditions Lamao\u00a0: <\/em>Crimson Glory<em>, <\/em>laur\u00e9at du Premier Prix Litt\u00e9raire 2019<em>.<\/em><\/p><h2 class=\"has-text-align-center wp-block-heading\">LA PRESSE EN PARLE<\/h2><p><\/p><p class=\"has-white-color has-text-color has-normal-font-size\"><em>\u00ab J\u00e9r\u00e9mie Bossone abat les chapelles pour naviguer sur les eaux m\u00e9lang\u00e9es de la chanson po\u00e9tique, du slam et du rock alternatif, le tout sous-tendu par une \u00e9criture tranch\u00e9e \u00bb <\/em><\/p><p class=\"has-white-color has-text-color\"><strong>V<em>al\u00e9rie Lehoux, T\u00c9L\u00c9RAMA <\/em><\/strong><\/p><p class=\"has-white-color has-text-color\"><\/p><p class=\"has-white-color has-text-color has-normal-font-size\"><em>\u00ab Difficile de rester indiff\u00e9rent \u00e0 J\u00e9r\u00e9mie Bossone, qui envoie tout \u00e0 fond, ses tripes, sa guitare et son jeu de sc\u00e8ne, extr\u00eamement visuel, look compris. \u00bb <\/em><\/p><p class=\"has-white-color has-text-color\"><strong><em>Marie-Catherine Mardi, T\u00c9L\u00c9RAMA <\/em><\/strong><\/p><p class=\"has-white-color has-text-color\"><\/p><p class=\"has-white-color has-text-color has-normal-font-size\"><em>\u00ab J\u00e9r\u00e9mie Bossone est un m\u00e9t\u00e9ore, une \u00e9toile filant \u00e0 vive allure, un gar\u00e7on qui d\u00e9borde de projets h\u00e9t\u00e9roclites et se tient loin des chapelles. Toujours l\u00e0 o\u00f9 on ne l\u2019attend pas, il va, flamboyant f\u00e9al \u00e0 sa muse, arm\u00e9 de notes et de mots cueillis au jardin des plus grands. \u00bb <\/em><\/p><p class=\"has-white-color has-text-color\"><strong><em>David Desreumaux, HEXAGONE<\/em><\/strong><\/p><p class=\"has-white-color has-text-color\"><\/p><p class=\"has-white-color has-text-color has-normal-font-size\"><em>\u00ab J\u00e9r\u00e9mie Bossone est un geyser qu\u2019on ne saurait canaliser, une force faite chanson, un talent brut, un diamant pas taill\u00e9, une voix qui oscille entre gifle et caresse \u00bb. <\/em><\/p><p class=\"has-white-color has-text-color\"><strong><em>Michel Kemper, NOS ENCHANTEURS <\/em><\/strong><\/p>","protected":false},"excerpt":{"rendered":"<p>Sa voix atypique, son go\u00fbt visc\u00e9ral pour les histoires, la flamboyance de ses musiques, la rigueur technique de ses chansons, leur puissance \u00e9motionnelle et sa mani\u00e8re de les incarner sur<\/p>\n<p class=\"more-link\"><a href=\"https:\/\/www.jeremiebossone.com\/?page_id=113\" class=\"readmore\">Continue reading&#8230;<span class=\"screen-reader-text\">BIO<\/span><\/a><\/p>\n","protected":false},"author":1,"featured_media":0,"parent":0,"menu_order":0,"comment_status":"closed","ping_status":"closed","template":"","meta":{"footnotes":""},"class_list":["post-113","page","type-page","status-publish","hentry"],"_links":{"self":[{"href":"https:\/\/www.jeremiebossone.com\/index.php?rest_route=\/wp\/v2\/pages\/113","targetHints":{"allow":["GET"]}}],"collection":[{"href":"https:\/\/www.jeremiebossone.com\/index.php?rest_route=\/wp\/v2\/pages"}],"about":[{"href":"https:\/\/www.jeremiebossone.com\/index.php?rest_route=\/wp\/v2\/types\/page"}],"author":[{"embeddable":true,"href":"https:\/\/www.jeremiebossone.com\/index.php?rest_route=\/wp\/v2\/users\/1"}],"replies":[{"embeddable":true,"href":"https:\/\/www.jeremiebossone.com\/index.php?rest_route=%2Fwp%2Fv2%2Fcomments&post=113"}],"version-history":[{"count":17,"href":"https:\/\/www.jeremiebossone.com\/index.php?rest_route=\/wp\/v2\/pages\/113\/revisions"}],"predecessor-version":[{"id":163,"href":"https:\/\/www.jeremiebossone.com\/index.php?rest_route=\/wp\/v2\/pages\/113\/revisions\/163"}],"wp:attachment":[{"href":"https:\/\/www.jeremiebossone.com\/index.php?rest_route=%2Fwp%2Fv2%2Fmedia&parent=113"}],"curies":[{"name":"wp","href":"https:\/\/api.w.org\/{rel}","templated":true}]}}