{"id":64,"date":"2021-09-12T20:20:20","date_gmt":"2021-09-12T18:20:20","guid":{"rendered":"https:\/\/www.jeremiebossone.com\/?post_type=product&#038;p=64"},"modified":"2021-09-13T09:46:41","modified_gmt":"2021-09-13T07:46:41","slug":"gloires","status":"publish","type":"product","link":"https:\/\/www.jeremiebossone.com\/?product=gloires","title":{"rendered":"GLOIRES"},"content":{"rendered":"<p>J\u00e9r\u00e9mie Bossone, c&rsquo;est un cri du Coeur, une po\u00e9sie des confins de l&rsquo;\u00e2me, qui s&rsquo;articule entre les exc\u00e8s du rock et les \u00e9chos d une chanson fran\u00e7aise aux ciselures classiques. Le chainon manquant entre Brel et Noir D\u00e9sir.<\/p>\n<p>Apr\u00e8s un EP sorti en 2011, son album <em>Gloires<\/em> est enregistr\u00e9 par le r\u00e9alisateur Ian Caple (Bashung, Emilie Simon, Simple Minds, Cocoon &#8230;). Celui-ci voit en J\u00e9r\u00e9mie Bossone une fusion accomplie entre le rock et la chanson. Il avoue avoir craqu\u00e9 pour cette voix singuli\u00e8re, presque f\u00e9minine, pourtant empreinte d&rsquo;une gravit\u00e9 tr\u00e8s personnelle, qui surprend par sa force et son timbre.<\/p>\n","protected":false},"excerpt":{"rendered":"<p>J\u00e9r\u00e9mie Bossone, c&rsquo;est un cri du Coeur, une po\u00e9sie des confins de l&rsquo;\u00e2me, qui s&rsquo;articule entre les exc\u00e8s du rock et les \u00e9chos d une chanson fran\u00e7aise aux ciselures classiques.<\/p>\n<p class=\"more-link\"><a href=\"https:\/\/www.jeremiebossone.com\/?product=gloires\" class=\"readmore\">Continue reading&#8230;<span class=\"screen-reader-text\">GLOIRES<\/span><\/a><\/p>\n","protected":false},"featured_media":65,"template":"","meta":[],"product_cat":[19],"product_tag":[],"class_list":{"0":"post-64","1":"product","2":"type-product","3":"status-publish","4":"has-post-thumbnail","6":"product_cat-albums","8":"first","9":"instock","10":"shipping-taxable","11":"purchasable","12":"product-type-simple"},"_links":{"self":[{"href":"https:\/\/www.jeremiebossone.com\/index.php?rest_route=\/wp\/v2\/product\/64","targetHints":{"allow":["GET"]}}],"collection":[{"href":"https:\/\/www.jeremiebossone.com\/index.php?rest_route=\/wp\/v2\/product"}],"about":[{"href":"https:\/\/www.jeremiebossone.com\/index.php?rest_route=\/wp\/v2\/types\/product"}],"wp:featuredmedia":[{"embeddable":true,"href":"https:\/\/www.jeremiebossone.com\/index.php?rest_route=\/wp\/v2\/media\/65"}],"wp:attachment":[{"href":"https:\/\/www.jeremiebossone.com\/index.php?rest_route=%2Fwp%2Fv2%2Fmedia&parent=64"}],"wp:term":[{"taxonomy":"product_cat","embeddable":true,"href":"https:\/\/www.jeremiebossone.com\/index.php?rest_route=%2Fwp%2Fv2%2Fproduct_cat&post=64"},{"taxonomy":"product_tag","embeddable":true,"href":"https:\/\/www.jeremiebossone.com\/index.php?rest_route=%2Fwp%2Fv2%2Fproduct_tag&post=64"}],"curies":[{"name":"wp","href":"https:\/\/api.w.org\/{rel}","templated":true}]}}